f h and n?
22
Let g be ((-40)/(-16))/(2/228). Let x = -268 + g. What is the greatest common divisor of x and 1?
1
Suppose -4029 = -3*a + c + 4959, 0 = -5*a - 3*c + 14994. What is the highest common factor of 148 and a?
37
Let w(z) = 2*z**2 - 15*z + 9. Let i be w(7). Suppose 0 = -8*j + 5*j - i*a + 1066, a = 5*j - 1755. What is the highest common factor of 32 and j?
32
Let z = -14856 - -14933. Suppose 4*x - 28 = -0. What is the greatest common divisor of x and z?
7
Let w(c) = 382*c - 746. Let g be w(2). What is the greatest common divisor of g and 3582?
18
Let m be (6/8)/((-14)/(-672)). Let s be 5*(5 + (-231)/55). What is the highest common divisor of m and s?
4
Let i(h) = -48*h - 2. Let q be i(-1). Suppose 0 = -q*y + 14*y + 96. Let m be (-4)/10 + (-107)/(-5). Calculate the highest common factor of y and m.
3
Suppose 3*o + 49467 = 6*k, 24706 = -235*k + 238*k + 4*o. Calculate the greatest common divisor of 26 and k.
26
Let m = -30 + 34. Suppose 2 = 6*i - m. Let h be (-42)/(-4) + i/(-2). What is the highest common factor of h and 70?
10
Let y be (-1844)/(-14) + (36/(-42))/(-3). Let t = y + -102. Let x be (-20)/90 - (-5944)/18. What is the highest common divisor of x and t?
30
Suppose 7*p = -84 + 378. Suppose -2*r + 122 = -3*k, -3*r - k + p + 152 = 0. Calculate the greatest common factor of r and 192.
64
Let k be 2*1535/10*1. Suppose -k = -5*l - 297. Calculate the highest common divisor of l and 58.
2
Let r(c) = 28*c - 152. Let h be r(10). Suppose 4*m = -5*x - 0*m + 292, -2*x = -4*m - h. Calculate the greatest common factor of x and 72.
12
Let l be (3 + 0)*-1 - (-908 + -10810). What is the highest common factor of l and 330?
165
Let h be (-122)/(-6) + (4 - (-40)/(-12)). Let u be ((-21)/(-28))/((-3)/(-84)). Calculate the highest common divisor of h and u.
21
Let m = -585 - -608. Suppose -2*n + m = -r - 3, 0 = -3*n + 3*r + 45. What is the highest common divisor of 99 and n?
11
Suppose 0 = -5*w + 7*w - 200. Let n(a) = 37*a + 10. Let x(r) = r + 2. Let p(j) = -n(j) - 6*x(j). Let c be p(-4). Calculate the highest common factor of w and c.
50
Let d(q) = -q**3 - 12*q**2 - q. Let u be 174/(-15) + (-4)/10. Let a be d(u). Let n be a/((-3)/4 + 27/12). Calculate the greatest common divisor of n and 104.
8
Let k be ((15/(-10))/(-1))/(7/490). Calculate the highest common divisor of 480 and k.
15
Suppose 4*w = t + 4149, 0 = -79*w + 78*w - 4*t + 1016. Calculate the greatest common divisor of 168 and w.
28
Let y = 15576 - 15500. Calculate the highest common divisor of y and 18430.
38
Let k(v) = -2*v**3 + 7*v**2 + 3*v - 28. Let f be k(-3). Let n = -618 - -666. Calculate the greatest common factor of f and n.
16
Let c = -25927 + 26127. What is the greatest common factor of 1550 and c?
50
Let u = -24092 + 24098. Suppose 3*f - 72 = -f. Calculate the greatest common divisor of f and u.
6
Let p = -170 - -436. Suppose 0*w - 2*w = 5*h - p, 5*h + 4*w = 262. Suppose 4*a - 59 = -k, -5*a - 5*k + 1 = -h. Calculate the greatest common divisor of 4 and a.
4
Suppose 0 = -5*m - c + 28, -35*m = -31*m + c - 22. Calculate the greatest common factor of m and 1764.
6
Let w = -6888 - -6961. Calculate the greatest common divisor of w and 13067.
73
Suppose 0 = -5*o - 0*o + 52 + 153. What is the highest common divisor of 3239 and o?
41
Let o be (0 - -2) + (-400)/(-200). What is the greatest common divisor of 4020 and o?
4
Let h(n) = 40*n + 316. Let y be h(-7). What is the greatest common factor of 1278 and y?
18
Suppose 3846 = u + 5*y + 634, u - 3164 = 3*y. What is the highest common factor of u and 74?
74
Let m be ((-30)/(-14) - -3)*7. Let g be (-1 - 1)/((-2)/(-3)) + 56/8. Calculate the highest common factor of m and g.
4
Let m = -3316 + 4739. Suppose -13*u - m = -5609. Calculate the highest common divisor of u and 46.
46
Suppose 6*r - 191 = 4*r + 3*v, r + 3*v = 73. Let l = r - -29. What is the highest common divisor of 156 and l?
39
Let w be ((210/(-25))/7)/(1/(-130)). What is the greatest common divisor of w and 16068?
156
Let s(z) = 2*z**2 - 5*z + 17. Let w be s(7). What is the highest common divisor of w and 20?
20
Let a = -441 - -793. Suppose -q = 24*q - 800. What is the highest common factor of a and q?
32
Let a(w) = -w**2 - 6*w + 5. Let m be a(-4). Suppose 8*c - m*c - 1435 = 0. Let p = c + 462. What is the greatest common factor of 25 and p?
25
Suppose -25*l - 42 = -27*l. Suppose -l*j = -36*j + 240. Let f = 0 - -56. What is the greatest common divisor of j and f?
8
Let b(t) = 4*t**2 - 38*t + 77. Let o be b(21). What is the greatest common factor of o and 149?
149
Let c be (4/(-7))/(15/(-315)). Suppose -y = 3*y - 296. Suppose -c = -75*p + y*p. Calculate the greatest common factor of 3 and p.
3
Suppose 0 = 8*m - 5*m - 3*v - 32874, 32858 = 3*m + 5*v. Calculate the highest common divisor of 132 and m.
132
Let a(c) = -5*c**2 - 114*c - 477. Let z be a(-7). What is the highest common divisor of z and 40?
4
Suppose 5*h = 32*h - 837. Let n = h + -22. Let x be (3 - 1)*12/8. Calculate the highest common divisor of x and n.
3
Suppose -11*s + 6671 = -2514. Calculate the greatest common divisor of s and 5.
5
Let x(j) = 4*j**2 + 6*j + 20. Let d be x(-4). Suppose -d - 108 = -2*r. What is the highest common divisor of 210 and r?
42
Let t = -3253 - -3254. Suppose -2*p = 10 + 6. Let q be (-5 - p)*(-1)/(-3). Calculate the greatest common factor of t and q.
1
Suppose -12 = 4*h, -14*q - 1263 = -17*q + h. What is the greatest common divisor of 80 and q?
20
Let c = 5913 - 4240. What is the greatest common factor of 14 and c?
7
Let b(v) = -40*v - 1168. Let p be b(-31). What is the highest common divisor of 16 and p?
8
Suppose 62 = 13*f + 27 - 160. Calculate the highest common factor of f and 9450.
15
Suppose -3*i = -k + 2054, -3*k + 6162 = -27*i + 32*i. What is the greatest common factor of k and 13?
13
Let i(d) = 580*d + 40 + 567*d - 1142*d + 5. Let b = -46 + 66. Let p be i(b). What is the highest common divisor of 58 and p?
29
Let s be (-63)/2*((-140)/21)/10. Let b be (s - -25)/((-1)/2). Let k = -86 - b. Calculate the highest common factor of 9 and k.
3
Suppose p + 29 = -2*w + 4*w, 0 = 2*w + 5*p + 1. Suppose w*u - 8*u = -3*o + 492, -2*o = -5*u + 592. What is the greatest common factor of u and 75?
15
Suppose l + 5 = m, -3*m + 0*m + 5*l = -21. Suppose -p - m*p - 15 = 0, 0 = 5*j - p - 940. What is the greatest common factor of j and 11?
11
Let u = 6 + -3. Let a be 7/2 - (7 + (-55)/10). Suppose 5*m - 13 = 2*z, 0 = -5*z + u*m - a*m + 25. What is the highest common factor of z and 30?
6
Suppose 0 = -y - 5, -2*s - 1199*y + 1201*y + 74854 = 0. What is the highest common divisor of 99 and s?
99
Let v = 4623 - 4279. Calculate the greatest common factor of 16 and v.
8
Suppose 4*q - 164 = -4*w, -3*w + 18 = q - 103. Let x(n) = n**3 - 40*n**2 + 11*n - 135. Let z be x(w). Calculate the highest common divisor of z and 61.
61
Let y(q) = -q**2 + 2*q + 8. Let r be y(4). Suppose h - 2*n - 91 = r, 2 - 14 = 3*n. Let m = h - 63. What is the greatest common divisor of m and 20?
20
Let g = 19085 - 18653. What is the highest common divisor of g and 3618?
54
Suppose b - 1828 = 4*l, 0 = 3*b + 7*l - 8*l - 5550. Calculate the highest common divisor of 4 and b.
4
Let t(g) = g**3 - 8*g**2 + 13*g - 8. Let l be (12/27*-6)/((-2)/6). Let a be t(l). Calculate the greatest common divisor of a and 12.
12
Let m(z) = 3*z**3 + 62*z**2 + 44*z + 22. Let y be m(-20). Let n = -64 + 8. Let a = n - y. What is the greatest common factor of a and 2?
2
Suppose 60*s = q + 64*s + 144, 321 = -2*q + 3*s. Let f = 163 + q. What is the highest common factor of f and 10?
1
Let c = -3952 + 3962. What is the highest common divisor of c and 194?
2
Let v(m) = -3 + 6*m + 5 - m**2 - 3*m. Let n be v(3). Let p = 8372 - 8366. What is the highest common divisor of n and p?
2
Let d(i) = 3*i**2 + 24*i - 171. Let k be d(11). Calculate the highest common factor of 171 and k.
57
Let i = 1237 + -1163. Suppose -54*m = -i*m + 2100. Let h(v) = 7*v - 5. Let j be h(5). Calculate the greatest common divisor of m and j.
15
Let x be 46/(-10) + (-3)/(-5). Let h be x/10*(-10)/1. Let j(p) = 4*p + 2. Let o be j(h). What is the highest common factor of o and 144?
18
Suppose 0 = -m - 0*m + 20. Suppose w = -5*a + 1243 + 416, -5*w = 4*a - 1323. Suppose -108 = -2*s + a. What is the greatest